{"id":2422,"date":"2023-09-04T11:43:53","date_gmt":"2023-09-04T11:43:53","guid":{"rendered":"https:\/\/pruszkowski.tech\/?page_id=2422"},"modified":"2025-05-23T11:26:31","modified_gmt":"2025-05-23T11:26:31","slug":"naprawa-pomp-ciepla","status":"publish","type":"page","link":"https:\/\/pruszkowski.tech\/index.php\/naprawa-pomp-ciepla\/","title":{"rendered":"Naprawa Pomp Ciep\u0142a"},"content":{"rendered":"\t\t<div data-elementor-type=\"wp-page\" data-elementor-id=\"2422\" class=\"elementor elementor-2422\">\n\t\t\t\t\t\t<section class=\"elementor-section elementor-top-section elementor-element elementor-element-3e2d7b0 elementor-section-boxed elementor-section-height-default elementor-section-height-default\" data-id=\"3e2d7b0\" data-element_type=\"section\" data-e-type=\"section\">\n\t\t\t\t\t\t<div class=\"elementor-container elementor-column-gap-default\">\n\t\t\t\t\t<div class=\"elementor-column elementor-col-100 elementor-top-column elementor-element elementor-element-012185c\" data-id=\"012185c\" data-element_type=\"column\" data-e-type=\"column\">\n\t\t\t<div class=\"elementor-widget-wrap elementor-element-populated\">\n\t\t\t\t\t\t<div class=\"elementor-element elementor-element-60db7f1 elementor-widget elementor-widget-text-editor\" data-id=\"60db7f1\" data-element_type=\"widget\" data-e-type=\"widget\" data-widget_type=\"text-editor.default\">\n\t\t\t\t<div class=\"elementor-widget-container\">\n\t\t\t\t\t\t\t\t\t<p>Twoja pompa ciep\u0142a przesta\u0142a dzia\u0142a\u0107 tak, jak powinna?<br data-start=\"405\" data-end=\"408\" \/>A mo\u017ce zauwa\u017cy\u0142e\u015b spadek wydajno\u015bci, ha\u0142as lub b\u0142\u0119dy na sterowniku?<\/p>\t\t\t\t\t\t\t\t<\/div>\n\t\t\t\t<\/div>\n\t\t\t\t\t<\/div>\n\t\t<\/div>\n\t\t\t\t\t<\/div>\n\t\t<\/section>\n\t\t\t\t<section class=\"elementor-section elementor-top-section elementor-element elementor-element-92de3f6 elementor-section-boxed elementor-section-height-default elementor-section-height-default\" data-id=\"92de3f6\" data-element_type=\"section\" data-e-type=\"section\">\n\t\t\t\t\t\t\t<div class=\"elementor-background-overlay\"><\/div>\n\t\t\t\t\t\t\t<div class=\"elementor-container elementor-column-gap-default\">\n\t\t\t\t\t<div class=\"elementor-column elementor-col-100 elementor-top-column elementor-element elementor-element-48ed57b\" data-id=\"48ed57b\" data-element_type=\"column\" data-e-type=\"column\">\n\t\t\t<div class=\"elementor-widget-wrap elementor-element-populated\">\n\t\t\t\t\t\t<div class=\"elementor-element elementor-element-be0880a elementor-widget elementor-widget-heading\" data-id=\"be0880a\" data-element_type=\"widget\" data-e-type=\"widget\" data-widget_type=\"heading.default\">\n\t\t\t\t<div class=\"elementor-widget-container\">\n\t\t\t\t\t<h2 class=\"elementor-heading-title elementor-size-default\">Naprawa pomp ciep\u0142a- szybko, skutecznie,  rzetelnie.<\/h2>\t\t\t\t<\/div>\n\t\t\t\t<\/div>\n\t\t\t\t<div class=\"elementor-element elementor-element-9fda3e8 elementor-widget elementor-widget-heading\" data-id=\"9fda3e8\" data-element_type=\"widget\" data-e-type=\"widget\" data-widget_type=\"heading.default\">\n\t\t\t\t<div class=\"elementor-widget-container\">\n\t\t\t\t\t<h4 class=\"elementor-heading-title elementor-size-default\">Jakie pompy ciep\u0142a naprawiamy?<\/h4>\t\t\t\t<\/div>\n\t\t\t\t<\/div>\n\t\t\t\t<div class=\"elementor-element elementor-element-0b44050 elementor-widget elementor-widget-text-editor\" data-id=\"0b44050\" data-element_type=\"widget\" data-e-type=\"widget\" data-widget_type=\"text-editor.default\">\n\t\t\t\t<div class=\"elementor-widget-container\">\n\t\t\t\t\t\t\t\t\t<p class=\"\" data-start=\"445\" data-end=\"738\">\u2714\ufe0f Pompy ciep\u0142a <strong data-start=\"1484\" data-end=\"1496\">gruntowe<\/strong> (solanka-woda)<br data-start=\"1511\" data-end=\"1514\" \/>\u2714\ufe0f Pompy ciep\u0142a <strong data-start=\"1530\" data-end=\"1544\">powietrzne<\/strong> (powietrze-woda, split, monoblok)<br data-start=\"1578\" data-end=\"1581\" \/>\u2714\ufe0f Urz\u0105dzenia wszystkich marek i modeli<br data-start=\"1620\" data-end=\"1623\" \/>\u2714\ufe0f Zar\u00f3wno systemy w nowych domach, jak i starsze instalacje<\/p>\t\t\t\t\t\t\t\t<\/div>\n\t\t\t\t<\/div>\n\t\t\t\t<div class=\"elementor-element elementor-element-26a23a2 elementor-widget elementor-widget-heading\" data-id=\"26a23a2\" data-element_type=\"widget\" data-e-type=\"widget\" data-widget_type=\"heading.default\">\n\t\t\t\t<div class=\"elementor-widget-container\">\n\t\t\t\t\t<h4 class=\"elementor-heading-title elementor-size-default\">\ud83d\udee0 Co mo\u017cemy dla Ciebie zrobi\u0107?<\/h4>\t\t\t\t<\/div>\n\t\t\t\t<\/div>\n\t\t\t\t<div class=\"elementor-element elementor-element-cbad95d elementor-widget elementor-widget-text-editor\" data-id=\"cbad95d\" data-element_type=\"widget\" data-e-type=\"widget\" data-widget_type=\"text-editor.default\">\n\t\t\t\t<div class=\"elementor-widget-container\">\n\t\t\t\t\t\t\t\t\t<p class=\"\" data-start=\"445\" data-end=\"738\">\ud83d\udd0d <strong data-start=\"572\" data-end=\"592\">Diagnoza usterki<\/strong> \u2013 szybko lokalizujemy problem i przedstawiamy jasn\u0105 wycen\u0119<br data-start=\"651\" data-end=\"654\" \/>\ud83d\udd27 <strong data-start=\"657\" data-end=\"693\">Wymiana uszkodzonych podzespo\u0142\u00f3w<\/strong> \u2013 korzystamy z og\u00f3lnodost\u0119pnych cz\u0119\u015bci lub zamiennik\u00f3w renomowanych producent\u00f3w<br data-start=\"773\" data-end=\"776\" \/>\u2699\ufe0f <strong data-start=\"779\" data-end=\"817\">Naprawy hydrauliczne i elektryczne<\/strong> \u2013 od nieszczelno\u015bci po problemy z elektronik\u0105<br data-start=\"863\" data-end=\"866\" \/>\ud83e\uddf0 <strong data-start=\"869\" data-end=\"907\">Przegl\u0105dy techniczne i konserwacja<\/strong> \u2013 bo lepiej zapobiega\u0107 ni\u017c naprawia\u0107<\/p>\t\t\t\t\t\t\t\t<\/div>\n\t\t\t\t<\/div>\n\t\t\t\t<div class=\"elementor-element elementor-element-169ccb1 elementor-widget elementor-widget-heading\" data-id=\"169ccb1\" data-element_type=\"widget\" data-e-type=\"widget\" data-widget_type=\"heading.default\">\n\t\t\t\t<div class=\"elementor-widget-container\">\n\t\t\t\t\t<h4 class=\"elementor-heading-title elementor-size-default\">\ud83d\udcac Dlaczego my?<\/h4>\t\t\t\t<\/div>\n\t\t\t\t<\/div>\n\t\t\t\t<div class=\"elementor-element elementor-element-b1d090d elementor-widget elementor-widget-text-editor\" data-id=\"b1d090d\" data-element_type=\"widget\" data-e-type=\"widget\" data-widget_type=\"text-editor.default\">\n\t\t\t\t<div class=\"elementor-widget-container\">\n\t\t\t\t\t\t\t\t\t<p class=\"\" data-start=\"445\" data-end=\"738\">\u2714\ufe0f <strong data-start=\"975\" data-end=\"1003\">Do\u015bwiadczenie techniczne<\/strong> \u2013 nie tylko montujemy, ale i budujemy w\u0142asne pompy ciep\u0142a \u2013 wiemy, jak to dzia\u0142a od \u015brodka<br data-start=\"1094\" data-end=\"1097\" \/>\u2714\ufe0f <strong data-start=\"1100\" data-end=\"1127\">Szybki dost\u0119p do cz\u0119\u015bci<\/strong> \u2013 nie czekasz tygodniami na napraw\u0119<br data-start=\"1163\" data-end=\"1166\" \/>\u2714\ufe0f <strong data-start=\"1169\" data-end=\"1205\">Naprawiamy, nie tylko wymieniamy<\/strong> \u2013 nie przep\u0142acasz za nowe urz\u0105dzenia<br data-start=\"1242\" data-end=\"1245\" \/>\u2714\ufe0f <strong data-start=\"1248\" data-end=\"1286\">Rzetelna wycena i pe\u0142na informacja<\/strong> \u2013 bez ukrytych koszt\u00f3w<\/p>\t\t\t\t\t\t\t\t<\/div>\n\t\t\t\t<\/div>\n\t\t\t\t<div class=\"elementor-element elementor-element-70659be elementor-widget elementor-widget-heading\" data-id=\"70659be\" data-element_type=\"widget\" data-e-type=\"widget\" data-widget_type=\"heading.default\">\n\t\t\t\t<div class=\"elementor-widget-container\">\n\t\t\t\t\t<h4 class=\"elementor-heading-title elementor-size-default\">\ud83d\udcde Potrzebujesz pomocy? Skontaktuj si\u0119 z nami<\/h4>\t\t\t\t<\/div>\n\t\t\t\t<\/div>\n\t\t\t\t<div class=\"elementor-element elementor-element-fe86e0e elementor-widget elementor-widget-text-editor\" data-id=\"fe86e0e\" data-element_type=\"widget\" data-e-type=\"widget\" data-widget_type=\"text-editor.default\">\n\t\t\t\t<div class=\"elementor-widget-container\">\n\t\t\t\t\t\t\t\t\t<p data-start=\"445\" data-end=\"738\">Masz pytanie? Nie wiesz, co si\u0119 dzieje z Twoj\u0105 pomp\u0105? Zadzwo\u0144 lub napisz \u2013 opisz problem, a my zajmiemy si\u0119 reszt\u0105.<br data-start=\"1427\" data-end=\"1430\" \/><strong data-start=\"1430\" data-end=\"1471\">Tw\u00f3j komfort cieplny to nasza sprawa.<\/strong><\/p>\t\t\t\t\t\t\t\t<\/div>\n\t\t\t\t<\/div>\n\t\t\t\t\t<\/div>\n\t\t<\/div>\n\t\t\t\t\t<\/div>\n\t\t<\/section>\n\t\t\t\t<section class=\"elementor-section elementor-top-section elementor-element elementor-element-3aa5fbf elementor-section-full_width elementor-section-stretched elementor-section-height-default elementor-section-height-default\" data-id=\"3aa5fbf\" data-element_type=\"section\" data-e-type=\"section\" data-settings=\"{&quot;stretch_section&quot;:&quot;section-stretched&quot;}\">\n\t\t\t\t\t\t<div class=\"elementor-container elementor-column-gap-no\">\n\t\t\t\t\t<div class=\"elementor-column elementor-col-100 elementor-top-column elementor-element elementor-element-6702517\" data-id=\"6702517\" data-element_type=\"column\" data-e-type=\"column\">\n\t\t\t<div class=\"elementor-widget-wrap elementor-element-populated\">\n\t\t\t\t\t\t<section class=\"elementor-section elementor-inner-section elementor-element elementor-element-2d8c2e7 elementor-section-boxed elementor-section-height-default elementor-section-height-default\" data-id=\"2d8c2e7\" data-element_type=\"section\" data-e-type=\"section\" data-settings=\"{&quot;background_background&quot;:&quot;gradient&quot;}\">\n\t\t\t\t\t\t<div class=\"elementor-container elementor-column-gap-no\">\n\t\t\t\t\t<div class=\"elementor-column elementor-col-100 elementor-inner-column elementor-element elementor-element-a6b806e\" data-id=\"a6b806e\" data-element_type=\"column\" data-e-type=\"column\">\n\t\t\t<div class=\"elementor-widget-wrap elementor-element-populated\">\n\t\t\t\t\t\t<div class=\"elementor-element elementor-element-1203553 elementor-widget__width-initial elementor-widget elementor-widget-heading\" data-id=\"1203553\" data-element_type=\"widget\" data-e-type=\"widget\" data-widget_type=\"heading.default\">\n\t\t\t\t<div class=\"elementor-widget-container\">\n\t\t\t\t\t<h2 class=\"elementor-heading-title elementor-size-default\">Wymiana to ostateczno\u015b\u0107. My naprawiamy \u2014 szybko, uczciwie i skutecznie.<\/h2>\t\t\t\t<\/div>\n\t\t\t\t<\/div>\n\t\t\t\t<div class=\"elementor-element elementor-element-d30e98c elementor-widget elementor-widget-text-editor\" data-id=\"d30e98c\" data-element_type=\"widget\" data-e-type=\"widget\" data-widget_type=\"text-editor.default\">\n\t\t\t\t<div class=\"elementor-widget-container\">\n\t\t\t\t\t\t\t\t\t<p>Zadzwo\u0144, napisz albo po prostu zostaw kontakt.<br \/>Zrobimy analiz\u0119, doradzimy i zaproponujemy realne rozwi\u0105zanie \u2013 bez presji, bez \u015bciemy.<\/p>\t\t\t\t\t\t\t\t<\/div>\n\t\t\t\t<\/div>\n\t\t\t\t<div class=\"elementor-element elementor-element-a60684c elementor-widget elementor-widget-eael-creative-button\" data-id=\"a60684c\" data-element_type=\"widget\" data-e-type=\"widget\" data-widget_type=\"eael-creative-button.default\">\n\t\t\t\t<div class=\"elementor-widget-container\">\n\t\t\t\t\t        <div class=\"eael-creative-button-wrapper\">\n\n            <a class=\"eael-creative-button eael-creative-button--default\" href=\"tel:500175812\" data-text=\"\">\n            \t    \n                <div class=\"creative-button-inner\">\n\n                    \n                    <span class=\"cretive-button-text\">Zadzwo\u0144: 500 175 812<\/span>\n\n                                    <\/div>\n\t                        <\/a>\n        <\/div>\n        \t\t\t\t<\/div>\n\t\t\t\t<\/div>\n\t\t\t\t\t<\/div>\n\t\t<\/div>\n\t\t\t\t\t<\/div>\n\t\t<\/section>\n\t\t\t\t\t<\/div>\n\t\t<\/div>\n\t\t\t\t\t<\/div>\n\t\t<\/section>\n\t\t\t\t<\/div>\n\t\t","protected":false},"excerpt":{"rendered":"<p>Twoja pompa ciep\u0142a przesta\u0142a dzia\u0142a\u0107 tak, jak powinna?A mo\u017ce zauwa\u017cy\u0142e\u015b spadek wydajno\u015bci, ha\u0142as lub b\u0142\u0119dy na sterowniku? Naprawa pomp ciep\u0142a- szybko, skutecznie, rzetelnie. Jakie pompy ciep\u0142a naprawiamy? \u2714\ufe0f Pompy ciep\u0142a gruntowe (solanka-woda)\u2714\ufe0f Pompy ciep\u0142a powietrzne (powietrze-woda, split, monoblok)\u2714\ufe0f Urz\u0105dzenia wszystkich marek i modeli\u2714\ufe0f Zar\u00f3wno systemy w nowych domach, jak i starsze instalacje \ud83d\udee0 Co mo\u017cemy [&hellip;]<\/p>\n","protected":false},"author":1,"featured_media":0,"parent":0,"menu_order":0,"comment_status":"closed","ping_status":"closed","template":"","meta":{"site-sidebar-layout":"no-sidebar","site-content-layout":"page-builder","ast-site-content-layout":"default","site-content-style":"default","site-sidebar-style":"default","ast-global-header-display":"","ast-banner-title-visibility":"","ast-main-header-display":"","ast-hfb-above-header-display":"","ast-hfb-below-header-display":"","ast-hfb-mobile-header-display":"","site-post-title":"disabled","ast-breadcrumbs-content":"","ast-featured-img":"disabled","footer-sml-layout":"","ast-disable-related-posts":"","theme-transparent-header-meta":"","adv-header-id-meta":"","stick-header-meta":"","header-above-stick-meta":"","header-main-stick-meta":"","header-below-stick-meta":"","astra-migrate-meta-layouts":"default","ast-page-background-enabled":"default","ast-page-background-meta":{"desktop":{"background-color":"var(--ast-global-color-4)","background-image":"","background-repeat":"repeat","background-position":"center center","background-size":"auto","background-attachment":"scroll","background-type":"","background-media":"","overlay-type":"","overlay-color":"","overlay-opacity":"","overlay-gradient":""},"tablet":{"background-color":"","background-image":"","background-repeat":"repeat","background-position":"center center","background-size":"auto","background-attachment":"scroll","background-type":"","background-media":"","overlay-type":"","overlay-color":"","overlay-opacity":"","overlay-gradient":""},"mobile":{"background-color":"","background-image":"","background-repeat":"repeat","background-position":"center center","background-size":"auto","background-attachment":"scroll","background-type":"","background-media":"","overlay-type":"","overlay-color":"","overlay-opacity":"","overlay-gradient":""}},"ast-content-background-meta":{"desktop":{"background-color":"var(--ast-global-color-5)","background-image":"","background-repeat":"repeat","background-position":"center center","background-size":"auto","background-attachment":"scroll","background-type":"","background-media":"","overlay-type":"","overlay-color":"","overlay-opacity":"","overlay-gradient":""},"tablet":{"background-color":"var(--ast-global-color-5)","background-image":"","background-repeat":"repeat","background-position":"center center","background-size":"auto","background-attachment":"scroll","background-type":"","background-media":"","overlay-type":"","overlay-color":"","overlay-opacity":"","overlay-gradient":""},"mobile":{"background-color":"var(--ast-global-color-5)","background-image":"","background-repeat":"repeat","background-position":"center center","background-size":"auto","background-attachment":"scroll","background-type":"","background-media":"","overlay-type":"","overlay-color":"","overlay-opacity":"","overlay-gradient":""}},"footnotes":""},"class_list":["post-2422","page","type-page","status-publish","hentry"],"yoast_head":"<!-- This site is optimized with the Yoast SEO plugin v27.0 - https:\/\/yoast.com\/product\/yoast-seo-wordpress\/ -->\n<title>Naprawa pomp ciep\u0142a Warszawa \u2013 szybki serwis i diagnostyka<\/title>\n<meta name=\"description\" content=\"Naprawa pomp ciep\u0142a Warszawa \u2013 szybka diagnoza i serwis. Fachowe usuwanie usterek, gwarancja jako\u015bci i sprawno\u015bci systemu grzewczego.\" \/>\n<meta name=\"robots\" content=\"index, follow, max-snippet:-1, max-image-preview:large, max-video-preview:-1\" \/>\n<link rel=\"canonical\" href=\"https:\/\/pruszkowski.tech\/index.php\/naprawa-pomp-ciepla\/\" \/>\n<meta property=\"og:locale\" content=\"pl_PL\" \/>\n<meta property=\"og:type\" content=\"article\" \/>\n<meta property=\"og:title\" content=\"Naprawa pomp ciep\u0142a Warszawa \u2013 szybki serwis i diagnostyka\" \/>\n<meta property=\"og:description\" content=\"Naprawa pomp ciep\u0142a Warszawa \u2013 szybka diagnoza i serwis. Fachowe usuwanie usterek, gwarancja jako\u015bci i sprawno\u015bci systemu grzewczego.\" \/>\n<meta property=\"og:url\" content=\"https:\/\/pruszkowski.tech\/index.php\/naprawa-pomp-ciepla\/\" \/>\n<meta property=\"og:site_name\" content=\"Pompy Ciep\u0142a | Gruntowe i powietrzne | Konrad Pruszkowski\" \/>\n<meta property=\"article:publisher\" content=\"https:\/\/www.facebook.com\/KonecoPompyCieplaiKlimatyzacja\" \/>\n<meta property=\"article:modified_time\" content=\"2025-05-23T11:26:31+00:00\" \/>\n<meta name=\"twitter:card\" content=\"summary_large_image\" \/>\n<meta name=\"twitter:label1\" content=\"Szacowany czas czytania\" \/>\n\t<meta name=\"twitter:data1\" content=\"2 minuty\" \/>\n<script type=\"application\/ld+json\" class=\"yoast-schema-graph\">{\"@context\":\"https:\/\/schema.org\",\"@graph\":[{\"@type\":\"WebPage\",\"@id\":\"https:\/\/pruszkowski.tech\/index.php\/naprawa-pomp-ciepla\/\",\"url\":\"https:\/\/pruszkowski.tech\/index.php\/naprawa-pomp-ciepla\/\",\"name\":\"Naprawa pomp ciep\u0142a Warszawa \u2013 szybki serwis i diagnostyka\",\"isPartOf\":{\"@id\":\"https:\/\/pruszkowski.tech\/#website\"},\"datePublished\":\"2023-09-04T11:43:53+00:00\",\"dateModified\":\"2025-05-23T11:26:31+00:00\",\"description\":\"Naprawa pomp ciep\u0142a Warszawa \u2013 szybka diagnoza i serwis. Fachowe usuwanie usterek, gwarancja jako\u015bci i sprawno\u015bci systemu grzewczego.\",\"breadcrumb\":{\"@id\":\"https:\/\/pruszkowski.tech\/index.php\/naprawa-pomp-ciepla\/#breadcrumb\"},\"inLanguage\":\"pl-PL\",\"potentialAction\":[{\"@type\":\"ReadAction\",\"target\":[\"https:\/\/pruszkowski.tech\/index.php\/naprawa-pomp-ciepla\/\"]}]},{\"@type\":\"BreadcrumbList\",\"@id\":\"https:\/\/pruszkowski.tech\/index.php\/naprawa-pomp-ciepla\/#breadcrumb\",\"itemListElement\":[{\"@type\":\"ListItem\",\"position\":1,\"name\":\"Strona g\u0142\u00f3wna\",\"item\":\"https:\/\/pruszkowski.tech\/\"},{\"@type\":\"ListItem\",\"position\":2,\"name\":\"Naprawa Pomp Ciep\u0142a\"}]},{\"@type\":\"WebSite\",\"@id\":\"https:\/\/pruszkowski.tech\/#website\",\"url\":\"https:\/\/pruszkowski.tech\/\",\"name\":\"Pompy Ciep\u0142a | Gruntowe i powietrzne | Konrad Pruszkowski\",\"description\":\"www.pruszkowski.tech\",\"publisher\":{\"@id\":\"https:\/\/pruszkowski.tech\/#organization\"},\"potentialAction\":[{\"@type\":\"SearchAction\",\"target\":{\"@type\":\"EntryPoint\",\"urlTemplate\":\"https:\/\/pruszkowski.tech\/?s={search_term_string}\"},\"query-input\":{\"@type\":\"PropertyValueSpecification\",\"valueRequired\":true,\"valueName\":\"search_term_string\"}}],\"inLanguage\":\"pl-PL\"},{\"@type\":\"Organization\",\"@id\":\"https:\/\/pruszkowski.tech\/#organization\",\"name\":\"Konrad Pruszkowski\",\"url\":\"https:\/\/pruszkowski.tech\/\",\"logo\":{\"@type\":\"ImageObject\",\"inLanguage\":\"pl-PL\",\"@id\":\"https:\/\/pruszkowski.tech\/#\/schema\/logo\/image\/\",\"url\":\"https:\/\/pruszkowski.tech\/wp-content\/uploads\/2023\/03\/new-1.png\",\"contentUrl\":\"https:\/\/pruszkowski.tech\/wp-content\/uploads\/2023\/03\/new-1.png\",\"width\":1293,\"height\":301,\"caption\":\"Konrad Pruszkowski\"},\"image\":{\"@id\":\"https:\/\/pruszkowski.tech\/#\/schema\/logo\/image\/\"},\"sameAs\":[\"https:\/\/www.facebook.com\/KonecoPompyCieplaiKlimatyzacja\"]}]}<\/script>\n<!-- \/ Yoast SEO plugin. -->","yoast_head_json":{"title":"Naprawa pomp ciep\u0142a Warszawa \u2013 szybki serwis i diagnostyka","description":"Naprawa pomp ciep\u0142a Warszawa \u2013 szybka diagnoza i serwis. Fachowe usuwanie usterek, gwarancja jako\u015bci i sprawno\u015bci systemu grzewczego.","robots":{"index":"index","follow":"follow","max-snippet":"max-snippet:-1","max-image-preview":"max-image-preview:large","max-video-preview":"max-video-preview:-1"},"canonical":"https:\/\/pruszkowski.tech\/index.php\/naprawa-pomp-ciepla\/","og_locale":"pl_PL","og_type":"article","og_title":"Naprawa pomp ciep\u0142a Warszawa \u2013 szybki serwis i diagnostyka","og_description":"Naprawa pomp ciep\u0142a Warszawa \u2013 szybka diagnoza i serwis. Fachowe usuwanie usterek, gwarancja jako\u015bci i sprawno\u015bci systemu grzewczego.","og_url":"https:\/\/pruszkowski.tech\/index.php\/naprawa-pomp-ciepla\/","og_site_name":"Pompy Ciep\u0142a | Gruntowe i powietrzne | Konrad Pruszkowski","article_publisher":"https:\/\/www.facebook.com\/KonecoPompyCieplaiKlimatyzacja","article_modified_time":"2025-05-23T11:26:31+00:00","twitter_card":"summary_large_image","twitter_misc":{"Szacowany czas czytania":"2 minuty"},"schema":{"@context":"https:\/\/schema.org","@graph":[{"@type":"WebPage","@id":"https:\/\/pruszkowski.tech\/index.php\/naprawa-pomp-ciepla\/","url":"https:\/\/pruszkowski.tech\/index.php\/naprawa-pomp-ciepla\/","name":"Naprawa pomp ciep\u0142a Warszawa \u2013 szybki serwis i diagnostyka","isPartOf":{"@id":"https:\/\/pruszkowski.tech\/#website"},"datePublished":"2023-09-04T11:43:53+00:00","dateModified":"2025-05-23T11:26:31+00:00","description":"Naprawa pomp ciep\u0142a Warszawa \u2013 szybka diagnoza i serwis. Fachowe usuwanie usterek, gwarancja jako\u015bci i sprawno\u015bci systemu grzewczego.","breadcrumb":{"@id":"https:\/\/pruszkowski.tech\/index.php\/naprawa-pomp-ciepla\/#breadcrumb"},"inLanguage":"pl-PL","potentialAction":[{"@type":"ReadAction","target":["https:\/\/pruszkowski.tech\/index.php\/naprawa-pomp-ciepla\/"]}]},{"@type":"BreadcrumbList","@id":"https:\/\/pruszkowski.tech\/index.php\/naprawa-pomp-ciepla\/#breadcrumb","itemListElement":[{"@type":"ListItem","position":1,"name":"Strona g\u0142\u00f3wna","item":"https:\/\/pruszkowski.tech\/"},{"@type":"ListItem","position":2,"name":"Naprawa Pomp Ciep\u0142a"}]},{"@type":"WebSite","@id":"https:\/\/pruszkowski.tech\/#website","url":"https:\/\/pruszkowski.tech\/","name":"Pompy Ciep\u0142a | Gruntowe i powietrzne | Konrad Pruszkowski","description":"www.pruszkowski.tech","publisher":{"@id":"https:\/\/pruszkowski.tech\/#organization"},"potentialAction":[{"@type":"SearchAction","target":{"@type":"EntryPoint","urlTemplate":"https:\/\/pruszkowski.tech\/?s={search_term_string}"},"query-input":{"@type":"PropertyValueSpecification","valueRequired":true,"valueName":"search_term_string"}}],"inLanguage":"pl-PL"},{"@type":"Organization","@id":"https:\/\/pruszkowski.tech\/#organization","name":"Konrad Pruszkowski","url":"https:\/\/pruszkowski.tech\/","logo":{"@type":"ImageObject","inLanguage":"pl-PL","@id":"https:\/\/pruszkowski.tech\/#\/schema\/logo\/image\/","url":"https:\/\/pruszkowski.tech\/wp-content\/uploads\/2023\/03\/new-1.png","contentUrl":"https:\/\/pruszkowski.tech\/wp-content\/uploads\/2023\/03\/new-1.png","width":1293,"height":301,"caption":"Konrad Pruszkowski"},"image":{"@id":"https:\/\/pruszkowski.tech\/#\/schema\/logo\/image\/"},"sameAs":["https:\/\/www.facebook.com\/KonecoPompyCieplaiKlimatyzacja"]}]}},"_links":{"self":[{"href":"https:\/\/pruszkowski.tech\/index.php\/wp-json\/wp\/v2\/pages\/2422","targetHints":{"allow":["GET"]}}],"collection":[{"href":"https:\/\/pruszkowski.tech\/index.php\/wp-json\/wp\/v2\/pages"}],"about":[{"href":"https:\/\/pruszkowski.tech\/index.php\/wp-json\/wp\/v2\/types\/page"}],"author":[{"embeddable":true,"href":"https:\/\/pruszkowski.tech\/index.php\/wp-json\/wp\/v2\/users\/1"}],"replies":[{"embeddable":true,"href":"https:\/\/pruszkowski.tech\/index.php\/wp-json\/wp\/v2\/comments?post=2422"}],"version-history":[{"count":3,"href":"https:\/\/pruszkowski.tech\/index.php\/wp-json\/wp\/v2\/pages\/2422\/revisions"}],"predecessor-version":[{"id":3758,"href":"https:\/\/pruszkowski.tech\/index.php\/wp-json\/wp\/v2\/pages\/2422\/revisions\/3758"}],"wp:attachment":[{"href":"https:\/\/pruszkowski.tech\/index.php\/wp-json\/wp\/v2\/media?parent=2422"}],"curies":[{"name":"wp","href":"https:\/\/api.w.org\/{rel}","templated":true}]}}