{"id":3700,"date":"2025-05-23T07:59:20","date_gmt":"2025-05-23T07:59:20","guid":{"rendered":"https:\/\/pruszkowski.tech\/?page_id=3700"},"modified":"2025-05-23T10:50:52","modified_gmt":"2025-05-23T10:50:52","slug":"serwis-pomp-ciepla","status":"publish","type":"page","link":"https:\/\/pruszkowski.tech\/index.php\/serwis-pomp-ciepla\/","title":{"rendered":"Serwis Pomp Ciep\u0142a"},"content":{"rendered":"\t\t<div data-elementor-type=\"wp-page\" data-elementor-id=\"3700\" class=\"elementor elementor-3700\">\n\t\t\t\t\t\t<section class=\"elementor-section elementor-top-section elementor-element elementor-element-e748e90 elementor-section-boxed elementor-section-height-default elementor-section-height-default\" data-id=\"e748e90\" data-element_type=\"section\" data-e-type=\"section\">\n\t\t\t\t\t\t<div class=\"elementor-container elementor-column-gap-default\">\n\t\t\t\t\t<div class=\"elementor-column elementor-col-100 elementor-top-column elementor-element elementor-element-045cfaf\" data-id=\"045cfaf\" data-element_type=\"column\" data-e-type=\"column\">\n\t\t\t<div class=\"elementor-widget-wrap elementor-element-populated\">\n\t\t\t\t\t\t<div class=\"elementor-element elementor-element-e0ef320 elementor-widget elementor-widget-text-editor\" data-id=\"e0ef320\" data-element_type=\"widget\" data-e-type=\"widget\" data-widget_type=\"text-editor.default\">\n\t\t\t\t<div class=\"elementor-widget-container\">\n\t\t\t\t\t\t\t\t\t<p>Sprawna pompa ciep\u0142a to komfort, oszcz\u0119dno\u015b\u0107 i spok\u00f3j na lata<br data-start=\"368\" data-end=\"371\" \/>Nie czekaj, a\u017c co\u015b si\u0119 zepsuje. Zareaguj wcze\u015bniej \u2013 zaufaj profesjonalnemu serwisowi.<\/p>\t\t\t\t\t\t\t\t<\/div>\n\t\t\t\t<\/div>\n\t\t\t\t\t<\/div>\n\t\t<\/div>\n\t\t\t\t\t<\/div>\n\t\t<\/section>\n\t\t\t\t<section class=\"elementor-section elementor-top-section elementor-element elementor-element-3045e3c elementor-section-boxed elementor-section-height-default elementor-section-height-default\" data-id=\"3045e3c\" data-element_type=\"section\" data-e-type=\"section\">\n\t\t\t\t\t\t\t<div class=\"elementor-background-overlay\"><\/div>\n\t\t\t\t\t\t\t<div class=\"elementor-container elementor-column-gap-default\">\n\t\t\t\t\t<div class=\"elementor-column elementor-col-100 elementor-top-column elementor-element elementor-element-cc38228\" data-id=\"cc38228\" data-element_type=\"column\" data-e-type=\"column\">\n\t\t\t<div class=\"elementor-widget-wrap elementor-element-populated\">\n\t\t\t\t\t\t<div class=\"elementor-element elementor-element-08d95be elementor-widget elementor-widget-heading\" data-id=\"08d95be\" data-element_type=\"widget\" data-e-type=\"widget\" data-widget_type=\"heading.default\">\n\t\t\t\t<div class=\"elementor-widget-container\">\n\t\t\t\t\t<h2 class=\"elementor-heading-title elementor-size-default\">Serwis pomp ciep\u0142a \u2013 gwarancyjny i pogwarancyjny<\/h2>\t\t\t\t<\/div>\n\t\t\t\t<\/div>\n\t\t\t\t<div class=\"elementor-element elementor-element-42ac3d0 elementor-widget elementor-widget-heading\" data-id=\"42ac3d0\" data-element_type=\"widget\" data-e-type=\"widget\" data-widget_type=\"heading.default\">\n\t\t\t\t<div class=\"elementor-widget-container\">\n\t\t\t\t\t<h4 class=\"elementor-heading-title elementor-size-default\">Naprawa i serwis powietrznych oraz gruntowych pomp ciep\u0142a \u2013 wszystkie marki, Warszawa i okolice<\/h4>\t\t\t\t<\/div>\n\t\t\t\t<\/div>\n\t\t\t\t<div class=\"elementor-element elementor-element-d804352 elementor-widget elementor-widget-text-editor\" data-id=\"d804352\" data-element_type=\"widget\" data-e-type=\"widget\" data-widget_type=\"text-editor.default\">\n\t\t\t\t<div class=\"elementor-widget-container\">\n\t\t\t\t\t\t\t\t\t<p data-start=\"582\" data-end=\"765\">Szukasz sprawdzonego <strong data-start=\"603\" data-end=\"638\">serwisu pomp ciep\u0142a w Warszawie<\/strong>? Dobrze trafi\u0142e\u015b!<br data-start=\"656\" data-end=\"659\" \/>Oferujemy profesjonalny <strong data-start=\"683\" data-end=\"733\">serwis gwarancyjny i pogwarancyjny pomp ciep\u0142a<\/strong> wszystkich typ\u00f3w i producent\u00f3w.<\/p><p data-start=\"767\" data-end=\"848\"><strong data-start=\"767\" data-end=\"810\">Obs\u0142ugujemy pompy powietrzne i gruntowe<\/strong> \u2013 zar\u00f3wno nowe, jak i starsze modele.<\/p>\t\t\t\t\t\t\t\t<\/div>\n\t\t\t\t<\/div>\n\t\t\t\t<div class=\"elementor-element elementor-element-5e86018 elementor-widget elementor-widget-heading\" data-id=\"5e86018\" data-element_type=\"widget\" data-e-type=\"widget\" data-widget_type=\"heading.default\">\n\t\t\t\t<div class=\"elementor-widget-container\">\n\t\t\t\t\t<h4 class=\"elementor-heading-title elementor-size-default\">Dlaczego warto wykona\u0107 serwis pompy ciep\u0142a?<\/h4>\t\t\t\t<\/div>\n\t\t\t\t<\/div>\n\t\t\t\t<div class=\"elementor-element elementor-element-3308bb6 elementor-widget elementor-widget-text-editor\" data-id=\"3308bb6\" data-element_type=\"widget\" data-e-type=\"widget\" data-widget_type=\"text-editor.default\">\n\t\t\t\t<div class=\"elementor-widget-container\">\n\t\t\t\t\t\t\t\t\t<p class=\"\" data-start=\"445\" data-end=\"738\">\ud83d\udd27 Unikasz kosztownych awarii i przestoj\u00f3w w ogrzewaniu<br data-start=\"959\" data-end=\"962\" \/>\ud83d\udca1 Zwi\u0119kszasz sprawno\u015b\u0107 urz\u0105dzenia i oszcz\u0119dzasz na rachunkach<br data-start=\"1024\" data-end=\"1027\" \/>\ud83d\udcc5 Spe\u0142niasz warunki gwarancji producenta<br data-start=\"1068\" data-end=\"1071\" \/>\ud83e\uddf0 Przed\u0142u\u017casz \u017cywotno\u015b\u0107 systemu nawet o kilkana\u015bcie lat<\/p>\t\t\t\t\t\t\t\t<\/div>\n\t\t\t\t<\/div>\n\t\t\t\t<div class=\"elementor-element elementor-element-367bd10 elementor-widget elementor-widget-heading\" data-id=\"367bd10\" data-element_type=\"widget\" data-e-type=\"widget\" data-widget_type=\"heading.default\">\n\t\t\t\t<div class=\"elementor-widget-container\">\n\t\t\t\t\t<h4 class=\"elementor-heading-title elementor-size-default\">Serwisujemy wszystkie marki:<\/h4>\t\t\t\t<\/div>\n\t\t\t\t<\/div>\n\t\t\t\t<div class=\"elementor-element elementor-element-6d0b976 elementor-widget elementor-widget-text-editor\" data-id=\"6d0b976\" data-element_type=\"widget\" data-e-type=\"widget\" data-widget_type=\"text-editor.default\">\n\t\t\t\t<div class=\"elementor-widget-container\">\n\t\t\t\t\t\t\t\t\t<ul data-start=\"1529\" data-end=\"1662\"><li data-start=\"1529\" data-end=\"1586\"><p data-start=\"1531\" data-end=\"1586\"><strong data-start=\"1531\" data-end=\"1584\">CTC, Viessmann, Daikin, Panasonic, Mitsubishi Electric<\/strong><\/p><\/li><li data-start=\"1587\" data-end=\"1644\"><p data-start=\"1589\" data-end=\"1644\"><strong data-start=\"1589\" data-end=\"1642\">NIBE, LG, Buderus, Hitachi, Bosch, Stiebel Eltron<\/strong><\/p><\/li><li data-start=\"1645\" data-end=\"1662\"><p data-start=\"1647\" data-end=\"1662\">\u2026i wiele innych<\/p><\/li><\/ul><p data-start=\"1664\" data-end=\"1736\">Niezale\u017cnie od tego, jaki masz model \u2013 naprawimy go szybko i skutecznie.<\/p>\t\t\t\t\t\t\t\t<\/div>\n\t\t\t\t<\/div>\n\t\t\t\t<div class=\"elementor-element elementor-element-2a1a9ae elementor-widget elementor-widget-heading\" data-id=\"2a1a9ae\" data-element_type=\"widget\" data-e-type=\"widget\" data-widget_type=\"heading.default\">\n\t\t\t\t<div class=\"elementor-widget-container\">\n\t\t\t\t\t<h4 class=\"elementor-heading-title elementor-size-default\">Serwis pomp ciep\u0142a \u2013 gwarancyjny i pogwarancyjny:<\/h4>\t\t\t\t<\/div>\n\t\t\t\t<\/div>\n\t\t\t\t<div class=\"elementor-element elementor-element-419c1a0 elementor-widget elementor-widget-text-editor\" data-id=\"419c1a0\" data-element_type=\"widget\" data-e-type=\"widget\" data-widget_type=\"text-editor.default\">\n\t\t\t\t<div class=\"elementor-widget-container\">\n\t\t\t\t\t\t\t\t\t<p data-start=\"445\" data-end=\"738\">\u2705 Wsp\u00f3\u0142pracujemy z producentami w ramach gwarancji<br data-start=\"2076\" data-end=\"2079\" \/>\u2705 Realizujemy przegl\u0105dy i naprawy po zako\u0144czeniu okresu gwarancyjnego<br data-start=\"2148\" data-end=\"2151\" \/>\u2705 Zapewniamy szybki dojazd, cz\u0119\u015bci zamienne i rzeteln\u0105 obs\u0142ug\u0119<\/p>\t\t\t\t\t\t\t\t<\/div>\n\t\t\t\t<\/div>\n\t\t\t\t\t<\/div>\n\t\t<\/div>\n\t\t\t\t\t<\/div>\n\t\t<\/section>\n\t\t\t\t<section class=\"elementor-section elementor-top-section elementor-element elementor-element-c1818a1 elementor-section-full_width elementor-section-stretched elementor-section-height-default elementor-section-height-default\" data-id=\"c1818a1\" data-element_type=\"section\" data-e-type=\"section\" data-settings=\"{&quot;stretch_section&quot;:&quot;section-stretched&quot;}\">\n\t\t\t\t\t\t<div class=\"elementor-container elementor-column-gap-no\">\n\t\t\t\t\t<div class=\"elementor-column elementor-col-100 elementor-top-column elementor-element elementor-element-23039c4\" data-id=\"23039c4\" data-element_type=\"column\" data-e-type=\"column\">\n\t\t\t<div class=\"elementor-widget-wrap elementor-element-populated\">\n\t\t\t\t\t\t<section class=\"elementor-section elementor-inner-section elementor-element elementor-element-86ffa88 elementor-section-boxed elementor-section-height-default elementor-section-height-default\" data-id=\"86ffa88\" data-element_type=\"section\" data-e-type=\"section\" data-settings=\"{&quot;background_background&quot;:&quot;gradient&quot;}\">\n\t\t\t\t\t\t<div class=\"elementor-container elementor-column-gap-no\">\n\t\t\t\t\t<div class=\"elementor-column elementor-col-100 elementor-inner-column elementor-element elementor-element-ddd319c\" data-id=\"ddd319c\" data-element_type=\"column\" data-e-type=\"column\">\n\t\t\t<div class=\"elementor-widget-wrap elementor-element-populated\">\n\t\t\t\t\t\t<div class=\"elementor-element elementor-element-213abaf elementor-widget__width-initial elementor-widget elementor-widget-heading\" data-id=\"213abaf\" data-element_type=\"widget\" data-e-type=\"widget\" data-widget_type=\"heading.default\">\n\t\t\t\t<div class=\"elementor-widget-container\">\n\t\t\t\t\t<h2 class=\"elementor-heading-title elementor-size-default\">Um\u00f3w serwis pompy ciep\u0142a ju\u017c dzi\u015b:<\/h2>\t\t\t\t<\/div>\n\t\t\t\t<\/div>\n\t\t\t\t<div class=\"elementor-element elementor-element-c8ef106 elementor-widget elementor-widget-text-editor\" data-id=\"c8ef106\" data-element_type=\"widget\" data-e-type=\"widget\" data-widget_type=\"text-editor.default\">\n\t\t\t\t<div class=\"elementor-widget-container\">\n\t\t\t\t\t\t\t\t\t<p>Profesjonalny <strong data-start=\"2464\" data-end=\"2495\">serwis pomp ciep\u0142a Warszawa<\/strong> \u2013 zaufaj do\u015bwiadczeniu.<\/p><p>\ud83d\udcde Zadzwo\u0144 lub wype\u0142nij formularz<br data-start=\"2293\" data-end=\"2296\" \/>\ud83d\udcc5 Wybierz dogodny termin<br data-start=\"2321\" data-end=\"2324\" \/>\ud83d\udee0\ufe0f My zajmiemy si\u0119 reszt\u0105<\/p>\t\t\t\t\t\t\t\t<\/div>\n\t\t\t\t<\/div>\n\t\t\t\t<div class=\"elementor-element elementor-element-cebc064 elementor-widget elementor-widget-eael-creative-button\" data-id=\"cebc064\" data-element_type=\"widget\" data-e-type=\"widget\" data-widget_type=\"eael-creative-button.default\">\n\t\t\t\t<div class=\"elementor-widget-container\">\n\t\t\t\t\t        <div class=\"eael-creative-button-wrapper\">\n\n            <a class=\"eael-creative-button eael-creative-button--default\" href=\"tel:500175812\" data-text=\"\">\n            \t    \n                <div class=\"creative-button-inner\">\n\n                    \n                    <span class=\"cretive-button-text\">Zadzwo\u0144: 500 175 812<\/span>\n\n                                    <\/div>\n\t                        <\/a>\n        <\/div>\n        \t\t\t\t<\/div>\n\t\t\t\t<\/div>\n\t\t\t\t\t<\/div>\n\t\t<\/div>\n\t\t\t\t\t<\/div>\n\t\t<\/section>\n\t\t\t\t\t<\/div>\n\t\t<\/div>\n\t\t\t\t\t<\/div>\n\t\t<\/section>\n\t\t\t\t<\/div>\n\t\t","protected":false},"excerpt":{"rendered":"<p>Sprawna pompa ciep\u0142a to komfort, oszcz\u0119dno\u015b\u0107 i spok\u00f3j na lataNie czekaj, a\u017c co\u015b si\u0119 zepsuje. Zareaguj wcze\u015bniej \u2013 zaufaj profesjonalnemu serwisowi. Serwis pomp ciep\u0142a \u2013 gwarancyjny i pogwarancyjny Naprawa i serwis powietrznych oraz gruntowych pomp ciep\u0142a \u2013 wszystkie marki, Warszawa i okolice Szukasz sprawdzonego serwisu pomp ciep\u0142a w Warszawie? Dobrze trafi\u0142e\u015b!Oferujemy profesjonalny serwis gwarancyjny i [&hellip;]<\/p>\n","protected":false},"author":1,"featured_media":0,"parent":0,"menu_order":0,"comment_status":"closed","ping_status":"closed","template":"","meta":{"site-sidebar-layout":"no-sidebar","site-content-layout":"page-builder","ast-site-content-layout":"default","site-content-style":"default","site-sidebar-style":"default","ast-global-header-display":"","ast-banner-title-visibility":"","ast-main-header-display":"","ast-hfb-above-header-display":"","ast-hfb-below-header-display":"","ast-hfb-mobile-header-display":"","site-post-title":"disabled","ast-breadcrumbs-content":"","ast-featured-img":"disabled","footer-sml-layout":"","ast-disable-related-posts":"","theme-transparent-header-meta":"","adv-header-id-meta":"","stick-header-meta":"","header-above-stick-meta":"","header-main-stick-meta":"","header-below-stick-meta":"","astra-migrate-meta-layouts":"default","ast-page-background-enabled":"default","ast-page-background-meta":{"desktop":{"background-color":"var(--ast-global-color-4)","background-image":"","background-repeat":"repeat","background-position":"center center","background-size":"auto","background-attachment":"scroll","background-type":"","background-media":"","overlay-type":"","overlay-color":"","overlay-opacity":"","overlay-gradient":""},"tablet":{"background-color":"","background-image":"","background-repeat":"repeat","background-position":"center center","background-size":"auto","background-attachment":"scroll","background-type":"","background-media":"","overlay-type":"","overlay-color":"","overlay-opacity":"","overlay-gradient":""},"mobile":{"background-color":"","background-image":"","background-repeat":"repeat","background-position":"center center","background-size":"auto","background-attachment":"scroll","background-type":"","background-media":"","overlay-type":"","overlay-color":"","overlay-opacity":"","overlay-gradient":""}},"ast-content-background-meta":{"desktop":{"background-color":"var(--ast-global-color-5)","background-image":"","background-repeat":"repeat","background-position":"center center","background-size":"auto","background-attachment":"scroll","background-type":"","background-media":"","overlay-type":"","overlay-color":"","overlay-opacity":"","overlay-gradient":""},"tablet":{"background-color":"var(--ast-global-color-5)","background-image":"","background-repeat":"repeat","background-position":"center center","background-size":"auto","background-attachment":"scroll","background-type":"","background-media":"","overlay-type":"","overlay-color":"","overlay-opacity":"","overlay-gradient":""},"mobile":{"background-color":"var(--ast-global-color-5)","background-image":"","background-repeat":"repeat","background-position":"center center","background-size":"auto","background-attachment":"scroll","background-type":"","background-media":"","overlay-type":"","overlay-color":"","overlay-opacity":"","overlay-gradient":""}},"footnotes":""},"class_list":["post-3700","page","type-page","status-publish","hentry"],"yoast_head":"<!-- This site is optimized with the Yoast SEO plugin v27.0 - https:\/\/yoast.com\/product\/yoast-seo-wordpress\/ -->\n<title>Serwis Pomp Ciep\u0142a - Pompy Ciep\u0142a | Gruntowe i powietrzne | Konrad Pruszkowski<\/title>\n<meta name=\"description\" content=\"Serwis gruntowych i powietrznych pomp ciep\u0142a \u2013 Warszawa i okolice. Szybka diagnostyka, naprawy, konserwacja i przegl\u0105dy.\" \/>\n<meta name=\"robots\" content=\"index, follow, max-snippet:-1, max-image-preview:large, max-video-preview:-1\" \/>\n<link rel=\"canonical\" href=\"https:\/\/pruszkowski.tech\/index.php\/serwis-pomp-ciepla\/\" \/>\n<meta property=\"og:locale\" content=\"pl_PL\" \/>\n<meta property=\"og:type\" content=\"article\" \/>\n<meta property=\"og:title\" content=\"Serwis Pomp Ciep\u0142a - Pompy Ciep\u0142a | Gruntowe i powietrzne | Konrad Pruszkowski\" \/>\n<meta property=\"og:description\" content=\"Serwis gruntowych i powietrznych pomp ciep\u0142a \u2013 Warszawa i okolice. Szybka diagnostyka, naprawy, konserwacja i przegl\u0105dy.\" \/>\n<meta property=\"og:url\" content=\"https:\/\/pruszkowski.tech\/index.php\/serwis-pomp-ciepla\/\" \/>\n<meta property=\"og:site_name\" content=\"Pompy Ciep\u0142a | Gruntowe i powietrzne | Konrad Pruszkowski\" \/>\n<meta property=\"article:publisher\" content=\"https:\/\/www.facebook.com\/KonecoPompyCieplaiKlimatyzacja\" \/>\n<meta property=\"article:modified_time\" content=\"2025-05-23T10:50:52+00:00\" \/>\n<meta name=\"twitter:card\" content=\"summary_large_image\" \/>\n<meta name=\"twitter:label1\" content=\"Szacowany czas czytania\" \/>\n\t<meta name=\"twitter:data1\" content=\"2 minuty\" \/>\n<script type=\"application\/ld+json\" class=\"yoast-schema-graph\">{\"@context\":\"https:\/\/schema.org\",\"@graph\":[{\"@type\":\"WebPage\",\"@id\":\"https:\/\/pruszkowski.tech\/index.php\/serwis-pomp-ciepla\/\",\"url\":\"https:\/\/pruszkowski.tech\/index.php\/serwis-pomp-ciepla\/\",\"name\":\"Serwis Pomp Ciep\u0142a - Pompy Ciep\u0142a | Gruntowe i powietrzne | Konrad Pruszkowski\",\"isPartOf\":{\"@id\":\"https:\/\/pruszkowski.tech\/#website\"},\"datePublished\":\"2025-05-23T07:59:20+00:00\",\"dateModified\":\"2025-05-23T10:50:52+00:00\",\"description\":\"Serwis gruntowych i powietrznych pomp ciep\u0142a \u2013 Warszawa i okolice. Szybka diagnostyka, naprawy, konserwacja i przegl\u0105dy.\",\"breadcrumb\":{\"@id\":\"https:\/\/pruszkowski.tech\/index.php\/serwis-pomp-ciepla\/#breadcrumb\"},\"inLanguage\":\"pl-PL\",\"potentialAction\":[{\"@type\":\"ReadAction\",\"target\":[\"https:\/\/pruszkowski.tech\/index.php\/serwis-pomp-ciepla\/\"]}]},{\"@type\":\"BreadcrumbList\",\"@id\":\"https:\/\/pruszkowski.tech\/index.php\/serwis-pomp-ciepla\/#breadcrumb\",\"itemListElement\":[{\"@type\":\"ListItem\",\"position\":1,\"name\":\"Strona g\u0142\u00f3wna\",\"item\":\"https:\/\/pruszkowski.tech\/\"},{\"@type\":\"ListItem\",\"position\":2,\"name\":\"Serwis Pomp Ciep\u0142a\"}]},{\"@type\":\"WebSite\",\"@id\":\"https:\/\/pruszkowski.tech\/#website\",\"url\":\"https:\/\/pruszkowski.tech\/\",\"name\":\"Pompy Ciep\u0142a | Gruntowe i powietrzne | Konrad Pruszkowski\",\"description\":\"www.pruszkowski.tech\",\"publisher\":{\"@id\":\"https:\/\/pruszkowski.tech\/#organization\"},\"potentialAction\":[{\"@type\":\"SearchAction\",\"target\":{\"@type\":\"EntryPoint\",\"urlTemplate\":\"https:\/\/pruszkowski.tech\/?s={search_term_string}\"},\"query-input\":{\"@type\":\"PropertyValueSpecification\",\"valueRequired\":true,\"valueName\":\"search_term_string\"}}],\"inLanguage\":\"pl-PL\"},{\"@type\":\"Organization\",\"@id\":\"https:\/\/pruszkowski.tech\/#organization\",\"name\":\"Konrad Pruszkowski\",\"url\":\"https:\/\/pruszkowski.tech\/\",\"logo\":{\"@type\":\"ImageObject\",\"inLanguage\":\"pl-PL\",\"@id\":\"https:\/\/pruszkowski.tech\/#\/schema\/logo\/image\/\",\"url\":\"https:\/\/pruszkowski.tech\/wp-content\/uploads\/2023\/03\/new-1.png\",\"contentUrl\":\"https:\/\/pruszkowski.tech\/wp-content\/uploads\/2023\/03\/new-1.png\",\"width\":1293,\"height\":301,\"caption\":\"Konrad Pruszkowski\"},\"image\":{\"@id\":\"https:\/\/pruszkowski.tech\/#\/schema\/logo\/image\/\"},\"sameAs\":[\"https:\/\/www.facebook.com\/KonecoPompyCieplaiKlimatyzacja\"]}]}<\/script>\n<!-- \/ Yoast SEO plugin. -->","yoast_head_json":{"title":"Serwis Pomp Ciep\u0142a - Pompy Ciep\u0142a | Gruntowe i powietrzne | Konrad Pruszkowski","description":"Serwis gruntowych i powietrznych pomp ciep\u0142a \u2013 Warszawa i okolice. Szybka diagnostyka, naprawy, konserwacja i przegl\u0105dy.","robots":{"index":"index","follow":"follow","max-snippet":"max-snippet:-1","max-image-preview":"max-image-preview:large","max-video-preview":"max-video-preview:-1"},"canonical":"https:\/\/pruszkowski.tech\/index.php\/serwis-pomp-ciepla\/","og_locale":"pl_PL","og_type":"article","og_title":"Serwis Pomp Ciep\u0142a - Pompy Ciep\u0142a | Gruntowe i powietrzne | Konrad Pruszkowski","og_description":"Serwis gruntowych i powietrznych pomp ciep\u0142a \u2013 Warszawa i okolice. Szybka diagnostyka, naprawy, konserwacja i przegl\u0105dy.","og_url":"https:\/\/pruszkowski.tech\/index.php\/serwis-pomp-ciepla\/","og_site_name":"Pompy Ciep\u0142a | Gruntowe i powietrzne | Konrad Pruszkowski","article_publisher":"https:\/\/www.facebook.com\/KonecoPompyCieplaiKlimatyzacja","article_modified_time":"2025-05-23T10:50:52+00:00","twitter_card":"summary_large_image","twitter_misc":{"Szacowany czas czytania":"2 minuty"},"schema":{"@context":"https:\/\/schema.org","@graph":[{"@type":"WebPage","@id":"https:\/\/pruszkowski.tech\/index.php\/serwis-pomp-ciepla\/","url":"https:\/\/pruszkowski.tech\/index.php\/serwis-pomp-ciepla\/","name":"Serwis Pomp Ciep\u0142a - Pompy Ciep\u0142a | Gruntowe i powietrzne | Konrad Pruszkowski","isPartOf":{"@id":"https:\/\/pruszkowski.tech\/#website"},"datePublished":"2025-05-23T07:59:20+00:00","dateModified":"2025-05-23T10:50:52+00:00","description":"Serwis gruntowych i powietrznych pomp ciep\u0142a \u2013 Warszawa i okolice. Szybka diagnostyka, naprawy, konserwacja i przegl\u0105dy.","breadcrumb":{"@id":"https:\/\/pruszkowski.tech\/index.php\/serwis-pomp-ciepla\/#breadcrumb"},"inLanguage":"pl-PL","potentialAction":[{"@type":"ReadAction","target":["https:\/\/pruszkowski.tech\/index.php\/serwis-pomp-ciepla\/"]}]},{"@type":"BreadcrumbList","@id":"https:\/\/pruszkowski.tech\/index.php\/serwis-pomp-ciepla\/#breadcrumb","itemListElement":[{"@type":"ListItem","position":1,"name":"Strona g\u0142\u00f3wna","item":"https:\/\/pruszkowski.tech\/"},{"@type":"ListItem","position":2,"name":"Serwis Pomp Ciep\u0142a"}]},{"@type":"WebSite","@id":"https:\/\/pruszkowski.tech\/#website","url":"https:\/\/pruszkowski.tech\/","name":"Pompy Ciep\u0142a | Gruntowe i powietrzne | Konrad Pruszkowski","description":"www.pruszkowski.tech","publisher":{"@id":"https:\/\/pruszkowski.tech\/#organization"},"potentialAction":[{"@type":"SearchAction","target":{"@type":"EntryPoint","urlTemplate":"https:\/\/pruszkowski.tech\/?s={search_term_string}"},"query-input":{"@type":"PropertyValueSpecification","valueRequired":true,"valueName":"search_term_string"}}],"inLanguage":"pl-PL"},{"@type":"Organization","@id":"https:\/\/pruszkowski.tech\/#organization","name":"Konrad Pruszkowski","url":"https:\/\/pruszkowski.tech\/","logo":{"@type":"ImageObject","inLanguage":"pl-PL","@id":"https:\/\/pruszkowski.tech\/#\/schema\/logo\/image\/","url":"https:\/\/pruszkowski.tech\/wp-content\/uploads\/2023\/03\/new-1.png","contentUrl":"https:\/\/pruszkowski.tech\/wp-content\/uploads\/2023\/03\/new-1.png","width":1293,"height":301,"caption":"Konrad Pruszkowski"},"image":{"@id":"https:\/\/pruszkowski.tech\/#\/schema\/logo\/image\/"},"sameAs":["https:\/\/www.facebook.com\/KonecoPompyCieplaiKlimatyzacja"]}]}},"_links":{"self":[{"href":"https:\/\/pruszkowski.tech\/index.php\/wp-json\/wp\/v2\/pages\/3700","targetHints":{"allow":["GET"]}}],"collection":[{"href":"https:\/\/pruszkowski.tech\/index.php\/wp-json\/wp\/v2\/pages"}],"about":[{"href":"https:\/\/pruszkowski.tech\/index.php\/wp-json\/wp\/v2\/types\/page"}],"author":[{"embeddable":true,"href":"https:\/\/pruszkowski.tech\/index.php\/wp-json\/wp\/v2\/users\/1"}],"replies":[{"embeddable":true,"href":"https:\/\/pruszkowski.tech\/index.php\/wp-json\/wp\/v2\/comments?post=3700"}],"version-history":[{"count":6,"href":"https:\/\/pruszkowski.tech\/index.php\/wp-json\/wp\/v2\/pages\/3700\/revisions"}],"predecessor-version":[{"id":3765,"href":"https:\/\/pruszkowski.tech\/index.php\/wp-json\/wp\/v2\/pages\/3700\/revisions\/3765"}],"wp:attachment":[{"href":"https:\/\/pruszkowski.tech\/index.php\/wp-json\/wp\/v2\/media?parent=3700"}],"curies":[{"name":"wp","href":"https:\/\/api.w.org\/{rel}","templated":true}]}}